{"id":6631,"date":"2020-11-04T15:03:37","date_gmt":"2020-11-04T12:03:37","guid":{"rendered":"https:\/\/www.gekasmetal.gr\/wme\/casa-2\/"},"modified":"2025-06-09T22:09:03","modified_gmt":"2025-06-09T19:09:03","slug":"casa-2","status":"publish","type":"page","link":"https:\/\/www.gekasmetal.gr\/wme\/casa-2\/?lang=it","title":{"rendered":"Cestini per rifiuti in metallo e Arredo Urbano"},"content":{"rendered":"\n<div style=\"height:100px\" aria-hidden=\"true\" class=\"wp-block-spacer\"><\/div>\n\n\n\n<div class=\"wp-block-image\"><figure class=\"aligncenter is-resized\"><img loading=\"lazy\" src=\"https:\/\/www.gekasmetal.gr\/wme\/wp-content\/uploads\/\/2019\/10\/logo_logo_with_icon.svg\" alt=\"GMG Waste bins - Cestini per rifiuti in metallo &amp; Arredo urbano\" class=\"wp-image-3645\" width=\"286\" height=\"90\"\/><\/figure><\/div>\n\n\n\n<div style=\"height:100px\" aria-hidden=\"true\" class=\"wp-block-spacer\"><\/div>\n\n\n\n<h2 id=\"h-cestini-per-rifiuti-in-metallo-arredo-urbano\">Cestini per rifiuti in metallo &amp; Arredo urbano<\/h2>\n\n\n\n<p>I contenitori per rifiuti in metallo e le attrezzature urbane di Gekas Metal (Gekas Metal Group) sono prodotti negli stabilimenti dell&#8217;azienda ad Agios Athanasios, Salonicco. Con oltre 45 anni di esperienza nella produzione di prodotti in metallo, continuiamo ad ampliare la nostra gamma di prodotti per soddisfare le esigenze dei cittadini.<\/p>\n\n\n\n<div style=\"height:200px\" aria-hidden=\"true\" class=\"wp-block-spacer\"><\/div>\n\n\n\n<h2 id=\"h-gekas-metal-group-prodotti\">Gekas Metal Group &#8211; Prodotti<\/h2>\n\n\n\n<div style=\"height:50px\" aria-hidden=\"true\" class=\"wp-block-spacer\"><\/div>\n\n\n\n<div class=\"wp-block-media-text alignwide is-vertically-aligned-top hidden\" style=\"grid-template-columns:16% auto\"><figure class=\"wp-block-media-text__media\"><img loading=\"lazy\" width=\"52\" height=\"52\" src=\"https:\/\/www.gekasmetal.gr\/wme\/wp-content\/uploads\/\/2020\/10\/RCS.svg\" alt=\"Centri di riciclaggio\" class=\"wp-image-6457\" srcset=\"https:\/\/www.gekasmetal.gr\/wme\/wp-content\/uploads\/\/2020\/10\/RCS.svg 150w, https:\/\/www.gekasmetal.gr\/wme\/wp-content\/uploads\/\/2020\/10\/RCS.svg 300w, https:\/\/www.gekasmetal.gr\/wme\/wp-content\/uploads\/\/2020\/10\/RCS.svg 1024w, https:\/\/www.gekasmetal.gr\/wme\/wp-content\/uploads\/\/2020\/10\/RCS.svg 50w, https:\/\/www.gekasmetal.gr\/wme\/wp-content\/uploads\/\/2020\/10\/RCS.svg 85w, https:\/\/www.gekasmetal.gr\/wme\/wp-content\/uploads\/\/2020\/10\/RCS.svg 80w, https:\/\/www.gekasmetal.gr\/wme\/wp-content\/uploads\/\/2020\/10\/RCS.svg 52w\" sizes=\"(max-width: 52px) 100vw, 52px\" \/><\/figure><div class=\"wp-block-media-text__content\">\n<h3 id=\"h-sistemi-di-raccolta-e-smistamento-per-materiali-riciclabili\">Sistemi di raccolta e smistamento per materiali riciclabili<\/h3>\n\n\n\n<p>I <strong>sistemi di raccolta e smistamento per materiali riciclabili<\/strong> sono contenitori speciali per <strong>punti verdi<\/strong>. I Green Spot sono aree speciali in cui i materiali riciclabili vengono raccolti, selezionati e\/o lavorati.<\/p>\n\n\n\n<div class=\"wp-block-buttons\">\n<div class=\"wp-block-button is-style-fill\"><a class=\"wp-block-button__link has-background\" href=\"https:\/\/www.gekasmetal.gr\/wme\/%cf%83%cf%8d%cf%83%cf%84%ce%b7%ce%bc%ce%b1-%cf%83%cf%85%ce%bb%ce%bb%ce%bf%ce%b3%ce%ae%cf%82-%ce%ba%ce%b1%ce%b9-%ce%b4%ce%b9%ce%b1%ce%bb%ce%bf%ce%b3%ce%ae%cf%82-%ce%b1%ce%bd%ce%b1%ce%ba%cf%85%ce%ba\/\" style=\"border-radius:50px;background:linear-gradient(135deg,rgb(13,178,210) 0%,rgb(12,209,202) 100%)\" rel=\"\">Vedi i prodotti<\/a><\/div>\n<\/div>\n\n\n\n<p> <\/p>\n<\/div><\/div>\n\n\n\n<div style=\"height:200px\" aria-hidden=\"true\" class=\"wp-block-spacer hidden\"><\/div>\n\n\n\n<div class=\"wp-block-media-text alignwide is-vertically-aligned-top\" style=\"grid-template-columns:16% auto\"><figure class=\"wp-block-media-text__media\"><img loading=\"lazy\" width=\"52\" height=\"52\" src=\"https:\/\/www.gekasmetal.gr\/wme\/wp-content\/uploads\/\/2020\/11\/MWC-full.svg\" alt=\"Cassonetti in metallo\" class=\"wp-image-6555\" srcset=\"https:\/\/www.gekasmetal.gr\/wme\/wp-content\/uploads\/\/2020\/11\/MWC-full.svg 150w, https:\/\/www.gekasmetal.gr\/wme\/wp-content\/uploads\/\/2020\/11\/MWC-full.svg 300w, https:\/\/www.gekasmetal.gr\/wme\/wp-content\/uploads\/\/2020\/11\/MWC-full.svg 1024w, https:\/\/www.gekasmetal.gr\/wme\/wp-content\/uploads\/\/2020\/11\/MWC-full.svg 50w, https:\/\/www.gekasmetal.gr\/wme\/wp-content\/uploads\/\/2020\/11\/MWC-full.svg 85w, https:\/\/www.gekasmetal.gr\/wme\/wp-content\/uploads\/\/2020\/11\/MWC-full.svg 80w, https:\/\/www.gekasmetal.gr\/wme\/wp-content\/uploads\/\/2020\/11\/MWC-full.svg 52w\" sizes=\"(max-width: 52px) 100vw, 52px\" \/><\/figure><div class=\"wp-block-media-text__content\">\n<h3 id=\"h-cassonetti-in-metallo\">Cassonetti in metallo<\/h3>\n\n\n\n<p>I <strong>Cassonetti in metallo<\/strong> vengono utilizzati per raccogliere i rifiuti nelle citt\u00e0 e nei quartieri. Sono disponibili nelle configurazioni a quattro e due ruote, in varie dimensioni e con molte possibilit\u00e0 di personalizzazione a seconda delle esigenze del cliente.<\/p>\n\n\n\n<div style=\"height:20px\" aria-hidden=\"true\" class=\"wp-block-spacer\"><\/div>\n\n\n\n<h4 id=\"h-capacit\">Capacit\u00e0:<\/h4>\n\n\n\n<ul><li>Due ruote &#8211; 120 L per 240 L<\/li><li>Quattro ruote &#8211; 660 L per 1100 L<\/li><\/ul>\n\n\n\n<div class=\"wp-block-buttons\">\n<div class=\"wp-block-button is-style-fill\"><a class=\"wp-block-button__link has-background\" href=\"https:\/\/www.gekasmetal.gr\/wme\/%cf%84%cf%81%ce%bf%cf%87%ce%ae%ce%bb%ce%b1%cf%84%ce%bf%ce%b9-%ce%ba%ce%ac%ce%b4%ce%bf%ce%b9-%ce%b1%cf%80%ce%bf%cf%81%cf%81%ce%b9%ce%bc%ce%bc%ce%ac%cf%84%cf%89%ce%bd\/\" style=\"border-radius:50px;background:linear-gradient(135deg,rgb(13,178,210) 0%,rgb(12,209,202) 100%)\">Vedi i prodotti<\/a><\/div>\n<\/div>\n<\/div><\/div>\n\n\n\n<div style=\"height:200px\" aria-hidden=\"true\" class=\"wp-block-spacer\"><\/div>\n\n\n\n<div class=\"wp-block-media-text alignwide is-vertically-aligned-top\" style=\"grid-template-columns:16% auto\"><figure class=\"wp-block-media-text__media\"><img loading=\"lazy\" width=\"52\" height=\"52\" src=\"https:\/\/www.gekasmetal.gr\/wme\/wp-content\/uploads\/\/2020\/11\/GMLB-full.svg\" alt=\"Cestini a terra\" class=\"wp-image-6570\" srcset=\"https:\/\/www.gekasmetal.gr\/wme\/wp-content\/uploads\/\/2020\/11\/GMLB-full.svg 150w, https:\/\/www.gekasmetal.gr\/wme\/wp-content\/uploads\/\/2020\/11\/GMLB-full.svg 300w, https:\/\/www.gekasmetal.gr\/wme\/wp-content\/uploads\/\/2020\/11\/GMLB-full.svg 1024w, https:\/\/www.gekasmetal.gr\/wme\/wp-content\/uploads\/\/2020\/11\/GMLB-full.svg 50w, https:\/\/www.gekasmetal.gr\/wme\/wp-content\/uploads\/\/2020\/11\/GMLB-full.svg 85w, https:\/\/www.gekasmetal.gr\/wme\/wp-content\/uploads\/\/2020\/11\/GMLB-full.svg 80w, https:\/\/www.gekasmetal.gr\/wme\/wp-content\/uploads\/\/2020\/11\/GMLB-full.svg 52w\" sizes=\"(max-width: 52px) 100vw, 52px\" \/><\/figure><div class=\"wp-block-media-text__content\">\n<h3 id=\"h-cestini-a-terra\">Cestini a terra<\/h3>\n\n\n\n<p>I <strong>Cestini a terra<\/strong> vengono utilizzati per la raccolta dei rifiuti nelle piazze cittadine e in altri luoghi affollati. Gekas Metal Group offre eleganti pattumiere in vari design, dimensioni e con molte opzioni di personalizzazione a seconda delle esigenze del cliente.<\/p>\n\n\n\n<div style=\"height:20px\" aria-hidden=\"true\" class=\"wp-block-spacer\"><\/div>\n\n\n\n<h4 id=\"h-capacit-1\">Capacit\u00e0:<\/h4>\n\n\n\n<ul><li>40 L per 130 L<\/li><\/ul>\n\n\n\n<div class=\"wp-block-buttons\">\n<div class=\"wp-block-button is-style-fill\"><a class=\"wp-block-button__link has-background\" href=\"https:\/\/www.gekasmetal.gr\/wme\/epidapedioi-kadoi-aporrimmaton\/\" style=\"border-radius:50px;background:linear-gradient(135deg,rgb(13,178,210) 0%,rgb(12,209,202) 100%)\">Vedi i prodotti<\/a><\/div>\n<\/div>\n<\/div><\/div>\n\n\n\n<div style=\"height:200px\" aria-hidden=\"true\" class=\"wp-block-spacer\"><\/div>\n\n\n\n<div class=\"wp-block-media-text alignwide is-vertically-aligned-top\" style=\"grid-template-columns:16% auto\"><figure class=\"wp-block-media-text__media\"><img loading=\"lazy\" width=\"52\" height=\"52\" src=\"https:\/\/www.gekasmetal.gr\/wme\/wp-content\/uploads\/\/2020\/11\/PMLB-full.svg\" alt=\"Cestini a palo\" class=\"wp-image-6560\" srcset=\"https:\/\/www.gekasmetal.gr\/wme\/wp-content\/uploads\/\/2020\/11\/PMLB-full.svg 150w, https:\/\/www.gekasmetal.gr\/wme\/wp-content\/uploads\/\/2020\/11\/PMLB-full.svg 300w, https:\/\/www.gekasmetal.gr\/wme\/wp-content\/uploads\/\/2020\/11\/PMLB-full.svg 1024w, https:\/\/www.gekasmetal.gr\/wme\/wp-content\/uploads\/\/2020\/11\/PMLB-full.svg 50w, https:\/\/www.gekasmetal.gr\/wme\/wp-content\/uploads\/\/2020\/11\/PMLB-full.svg 85w, https:\/\/www.gekasmetal.gr\/wme\/wp-content\/uploads\/\/2020\/11\/PMLB-full.svg 80w, https:\/\/www.gekasmetal.gr\/wme\/wp-content\/uploads\/\/2020\/11\/PMLB-full.svg 52w\" sizes=\"(max-width: 52px) 100vw, 52px\" \/><\/figure><div class=\"wp-block-media-text__content\">\n<h3 id=\"h-cestini-a-palo\">Cestini a palo<\/h3>\n\n\n\n<p>I <strong>Cestini a palo<\/strong> vengono utilizzati per raccogliere i rifiuti nelle piazze e in altri luoghi affollati. Sono disponibili in configurazione singola o doppia in varie dimensioni e con numerose possibilit\u00e0 di regolazione.<\/p>\n\n\n\n<div style=\"height:20px\" aria-hidden=\"true\" class=\"wp-block-spacer\"><\/div>\n\n\n\n<h4 id=\"h-capacit-2\">Capacit\u00e0:<\/h4>\n\n\n\n<ul><li>Singolo &#8211; 27 L per 35 L<\/li><li>Doppio- 54 L per 70 L<\/li><\/ul>\n\n\n\n<div class=\"wp-block-buttons\">\n<div class=\"wp-block-button is-style-fill\"><a class=\"wp-block-button__link has-background\" href=\"https:\/\/www.gekasmetal.gr\/wme\/epistilioi-kadoi-aporrimmaton\/\" style=\"border-radius:50px;background:linear-gradient(135deg,rgb(13,178,210) 0%,rgb(12,209,202) 100%)\">Vedi i prodotti<\/a><\/div>\n<\/div>\n<\/div><\/div>\n\n\n\n<div style=\"height:200px\" aria-hidden=\"true\" class=\"wp-block-spacer\"><\/div>\n\n\n\n<div class=\"wp-block-media-text alignwide is-vertically-aligned-top\" style=\"grid-template-columns:16% auto\"><figure class=\"wp-block-media-text__media\"><img loading=\"lazy\" width=\"52\" height=\"52\" src=\"https:\/\/www.gekasmetal.gr\/wme\/wp-content\/uploads\/\/2020\/11\/SCB-full.svg\" alt=\"Carrello a mano per la pulizia delle strade\" class=\"wp-image-6550\" srcset=\"https:\/\/www.gekasmetal.gr\/wme\/wp-content\/uploads\/\/2020\/11\/SCB-full.svg 150w, https:\/\/www.gekasmetal.gr\/wme\/wp-content\/uploads\/\/2020\/11\/SCB-full.svg 300w, https:\/\/www.gekasmetal.gr\/wme\/wp-content\/uploads\/\/2020\/11\/SCB-full.svg 1024w, https:\/\/www.gekasmetal.gr\/wme\/wp-content\/uploads\/\/2020\/11\/SCB-full.svg 50w, https:\/\/www.gekasmetal.gr\/wme\/wp-content\/uploads\/\/2020\/11\/SCB-full.svg 85w, https:\/\/www.gekasmetal.gr\/wme\/wp-content\/uploads\/\/2020\/11\/SCB-full.svg 80w, https:\/\/www.gekasmetal.gr\/wme\/wp-content\/uploads\/\/2020\/11\/SCB-full.svg 52w\" sizes=\"(max-width: 52px) 100vw, 52px\" \/><\/figure><div class=\"wp-block-media-text__content\">\n<h3 id=\"h-carrello-a-mano-per-la-pulizia-delle-strade\">Carrello a mano per la pulizia delle strade<\/h3>\n\n\n\n<p>Le <strong>Carrello a mano per la pulizia delle strade<\/strong> sono utilizzate dagli spazzini perch\u00e9 trasportano un cestino per i rifiuti, una cassetta degli attrezzi e posti speciali per scopa e paletta.<\/p>\n\n\n\n<div style=\"height:20px\" aria-hidden=\"true\" class=\"wp-block-spacer\"><\/div>\n\n\n\n<h4 id=\"h-capacit-3\">Capacit\u00e0:<\/h4>\n\n\n\n<ul><li>88 L<\/li><\/ul>\n\n\n\n<div class=\"wp-block-buttons\">\n<div class=\"wp-block-button is-style-fill\"><a class=\"wp-block-button__link has-background\" href=\"https:\/\/www.gekasmetal.gr\/wme\/metalliki-xeiramaksa-odokathariston\/\" style=\"border-radius:50px;background:linear-gradient(135deg,rgb(13,178,210) 0%,rgb(12,209,202) 100%)\">Vedi i prodotti<\/a><\/div>\n<\/div>\n<\/div><\/div>\n\n\n\n<div style=\"height:200px\" aria-hidden=\"true\" class=\"wp-block-spacer\"><\/div>\n\n\n\n<h2 id=\"h-gekas-metal-group-i-nostri-valori\">Gekas Metal Group &#8211; I nostri valori<\/h2>\n\n\n\n<ul><li><strong>Qualit\u00e0<\/strong> &#8211; Utilizzando solo parti e materiali di alta qualit\u00e0 nella nostra produzione, esportiamo prodotti di qualit\u00e0 eccellente a tutti i nostri clienti.<\/li><li><strong>Service<\/strong> &#8211; Con un servizio clienti e un servizio prodotti rapidi ed efficaci, manteniamo sempre felici i nostri clienti.<\/li><li><strong>Organizzazione<\/strong> &#8211; Come azienda familiare, uno dei principali fattori di successo dell&#8217;azienda \u00e8 l&#8217;organizzazione delle risorse e del personale, che ci mantiene ai vertici anche nelle pi\u00f9 difficili avversit\u00e0 finanziarie del Paese.<\/li><li><strong>Prezzi<\/strong> &#8211; Il rapporto qualit\u00e0-prezzo \u00e8 sempre stato una parte attraente di Gekas Metal.<\/li><\/ul>\n\n\n\n<div style=\"height:100px\" aria-hidden=\"true\" class=\"wp-block-spacer\"><\/div>\n","protected":false},"excerpt":{"rendered":"<p>\u039c\u03b5\u03c4\u03b1\u03bb\u03bb\u03b9\u03ba\u03bf\u03af \u03ba\u03ac\u03b4\u03bf\u03b9 \u03b1\u03c0\u03bf\u03c1\u03c1\u03b9\u03bc\u03bc\u03ac\u03c4\u03c9\u03bd \u03bc\u03b5 \u03ba\u03b1\u03c0\u03ac\u03ba\u03b9. \u0391\u03bd\u03b8\u03b5\u03ba\u03c4\u03b9\u03ba\u03bf\u03af \u03c4\u03c1\u03bf\u03c7\u03ae\u03bb\u03b1\u03c4\u03bf\u03b9 \u03ba\u03ac\u03b4\u03bf\u03b9 \u03ba\u03b1\u03b9 \u03b5\u03be\u03bf\u03c0\u03bb\u03b9\u03c3\u03bc\u03cc\u03c2 \u03b4\u03b9\u03b1\u03c7\u03b5\u03af\u03c1\u03b9\u03c3\u03b7\u03c2 \u03b1\u03c0\u03bf\u03c1\u03c1\u03b9\u03bc\u03bc\u03ac\u03c4\u03c9\u03bd.<\/p>\n","protected":false},"author":1,"featured_media":12471,"parent":0,"menu_order":0,"comment_status":"closed","ping_status":"closed","template":"","meta":[],"yoast_head":"<!-- This site is optimized with the Yoast SEO Premium plugin v15.3 - https:\/\/yoast.com\/wordpress\/plugins\/seo\/ -->\n<title>Cestini per rifiuti in metallo e Arredo Urbano | Gekas Metal<\/title>\n<meta name=\"description\" content=\"Produttore di Cassonetto per Rifiuti in Metallo e Arredo Urbano | 17o km Autostrada di Thessaloniki - Veroia | Numero di Contatto: +0030 2310 538 103\" \/>\n<meta name=\"robots\" content=\"index, follow, max-snippet:-1, max-image-preview:large, max-video-preview:-1\" \/>\n<link rel=\"canonical\" href=\"https:\/\/www.gekasmetal.gr\/wme\/\" \/>\n<meta property=\"og:locale\" content=\"el_GR\" \/>\n<meta property=\"og:type\" content=\"article\" \/>\n<meta property=\"og:title\" content=\"Cestini per rifiuti in metallo e Arredo Urbano | Gekas Metal\" \/>\n<meta property=\"og:description\" content=\"Produttore di Cassonetto per Rifiuti in Metallo e Arredo Urbano | 17o km Autostrada di Thessaloniki - Veroia | Numero di Contatto: +0030 2310 538 103\" \/>\n<meta property=\"og:url\" content=\"https:\/\/www.gekasmetal.gr\/wme\/\" \/>\n<meta property=\"og:site_name\" content=\"GMG Waste Bins\" \/>\n<meta property=\"article:publisher\" content=\"https:\/\/www.facebook.com\/GekasMetal\" \/>\n<meta property=\"article:modified_time\" content=\"2025-06-09T19:09:03+00:00\" \/>\n<meta property=\"og:image\" content=\"https:\/\/www.gekasmetal.gr\/wme\/wp-content\/uploads\/2023\/06\/GM-\u03a4\u03a1\u039f\u03a7\u0397\u039b\u0391\u03a4\u039f\u0399-SCENE.jpg\" \/>\n\t<meta property=\"og:image:width\" content=\"1080\" \/>\n\t<meta property=\"og:image:height\" content=\"1080\" \/>\n<meta name=\"twitter:card\" content=\"summary\" \/>\n<meta name=\"twitter:label1\" content=\"Written by\">\n\t<meta name=\"twitter:data1\" content=\"bonneadmin\">\n\t<meta name=\"twitter:label2\" content=\"Est. reading time\">\n\t<meta name=\"twitter:data2\" content=\"2 \u03bb\u03b5\u03c0\u03c4\u03ac\">\n<script type=\"application\/ld+json\" class=\"yoast-schema-graph\">{\"@context\":\"https:\/\/schema.org\",\"@graph\":[{\"@type\":\"Organization\",\"@id\":\"https:\/\/www.gekasmetal.gr\/wme\/#organization\",\"name\":\"Gekas Metal Group\",\"url\":\"https:\/\/www.gekasmetal.gr\/wme\/\",\"sameAs\":[\"https:\/\/www.facebook.com\/GekasMetal\"],\"logo\":{\"@type\":\"ImageObject\",\"@id\":\"https:\/\/www.gekasmetal.gr\/wme\/#logo\",\"inLanguage\":\"el\",\"url\":\"https:\/\/www.gekasmetal.gr\/wme\/wp-content\/uploads\/2019\/10\/logo_logo_with_icon.svg\",\"width\":160,\"height\":50,\"caption\":\"Gekas Metal Group\"},\"image\":{\"@id\":\"https:\/\/www.gekasmetal.gr\/wme\/#logo\"}},{\"@type\":\"WebSite\",\"@id\":\"https:\/\/www.gekasmetal.gr\/wme\/#website\",\"url\":\"https:\/\/www.gekasmetal.gr\/wme\/\",\"name\":\"GMG Waste Bins\",\"description\":\"\\u039c\\u03b5\\u03c4\\u03b1\\u03bb\\u03bb\\u03b9\\u03ba\\u03bf\\u03af \\u039a\\u03ac\\u03b4\\u03bf\\u03b9 \\u0391\\u03c0\\u03bf\\u03c1\\u03c1\\u03b9\\u03bc\\u03bc\\u03ac\\u03c4\\u03c9\\u03bd \\u03b1\\u03c0\\u03cc \\u03c4\\u03b7\\u03bd \\u0393\\u03ba\\u03ad\\u03ba\\u03b1\\u03c2 \\u039c\\u03ad\\u03c4\\u03b1\\u03bb (GMG)\",\"publisher\":{\"@id\":\"https:\/\/www.gekasmetal.gr\/wme\/#organization\"},\"potentialAction\":[{\"@type\":\"SearchAction\",\"target\":\"https:\/\/www.gekasmetal.gr\/wme\/?s={search_term_string}\",\"query-input\":\"required name=search_term_string\"}],\"inLanguage\":\"el\"},{\"@type\":\"ImageObject\",\"@id\":\"https:\/\/www.gekasmetal.gr\/wme\/#primaryimage\",\"inLanguage\":\"el\",\"url\":\"https:\/\/www.gekasmetal.gr\/wme\/wp-content\/uploads\/2023\/06\/GM-\\u03a4\\u03a1\\u039f\\u03a7\\u0397\\u039b\\u0391\\u03a4\\u039f\\u0399-SCENE.jpg\",\"width\":1080,\"height\":1080},{\"@type\":\"WebPage\",\"@id\":\"https:\/\/www.gekasmetal.gr\/wme\/#webpage\",\"url\":\"https:\/\/www.gekasmetal.gr\/wme\/\",\"name\":\"Cestini per rifiuti in metallo e Arredo Urbano | Gekas Metal\",\"isPartOf\":{\"@id\":\"https:\/\/www.gekasmetal.gr\/wme\/#website\"},\"primaryImageOfPage\":{\"@id\":\"https:\/\/www.gekasmetal.gr\/wme\/#primaryimage\"},\"datePublished\":\"2020-11-04T12:03:37+00:00\",\"dateModified\":\"2025-06-09T19:09:03+00:00\",\"description\":\"Produttore di Cassonetto per Rifiuti in Metallo e Arredo Urbano | 17o km Autostrada di Thessaloniki - Veroia | Numero di Contatto: +0030 2310 538 103\",\"breadcrumb\":{\"@id\":\"https:\/\/www.gekasmetal.gr\/wme\/#breadcrumb\"},\"inLanguage\":\"el\",\"potentialAction\":[{\"@type\":\"ReadAction\",\"target\":[\"https:\/\/www.gekasmetal.gr\/wme\/\"]}]},{\"@type\":\"BreadcrumbList\",\"@id\":\"https:\/\/www.gekasmetal.gr\/wme\/#breadcrumb\",\"itemListElement\":[{\"@type\":\"ListItem\",\"position\":1,\"item\":{\"@type\":\"WebPage\",\"@id\":\"https:\/\/www.gekasmetal.gr\/wme\/\",\"url\":\"https:\/\/www.gekasmetal.gr\/wme\/\",\"name\":\"\\u0391\\u03c1\\u03c7\\u03b9\\u03ba\\u03ae\"}},{\"@type\":\"ListItem\",\"position\":2,\"item\":{\"@type\":\"WebPage\",\"@id\":\"https:\/\/www.gekasmetal.gr\/wme\/?lang=it\",\"url\":\"https:\/\/www.gekasmetal.gr\/wme\/?lang=it\",\"name\":\"Cestini per rifiuti in metallo e Arredo Urbano\"}}]}]}<\/script>\n<!-- \/ Yoast SEO Premium plugin. -->","_links":{"self":[{"href":"https:\/\/www.gekasmetal.gr\/wme\/wp-json\/wp\/v2\/pages\/6631"}],"collection":[{"href":"https:\/\/www.gekasmetal.gr\/wme\/wp-json\/wp\/v2\/pages"}],"about":[{"href":"https:\/\/www.gekasmetal.gr\/wme\/wp-json\/wp\/v2\/types\/page"}],"author":[{"embeddable":true,"href":"https:\/\/www.gekasmetal.gr\/wme\/wp-json\/wp\/v2\/users\/1"}],"replies":[{"embeddable":true,"href":"https:\/\/www.gekasmetal.gr\/wme\/wp-json\/wp\/v2\/comments?post=6631"}],"version-history":[{"count":16,"href":"https:\/\/www.gekasmetal.gr\/wme\/wp-json\/wp\/v2\/pages\/6631\/revisions"}],"predecessor-version":[{"id":12927,"href":"https:\/\/www.gekasmetal.gr\/wme\/wp-json\/wp\/v2\/pages\/6631\/revisions\/12927"}],"wp:featuredmedia":[{"embeddable":true,"href":"https:\/\/www.gekasmetal.gr\/wme\/wp-json\/wp\/v2\/media\/12471"}],"wp:attachment":[{"href":"https:\/\/www.gekasmetal.gr\/wme\/wp-json\/wp\/v2\/media?parent=6631"}],"curies":[{"name":"wp","href":"https:\/\/api.w.org\/{rel}","templated":true}]}}