{"id":6629,"date":"2020-11-04T15:03:37","date_gmt":"2020-11-04T12:03:37","guid":{"rendered":"https:\/\/www.gekasmetal.gr\/wme\/zuhause-2\/"},"modified":"2025-06-09T22:08:49","modified_gmt":"2025-06-09T19:08:49","slug":"zuhause-2","status":"publish","type":"page","link":"https:\/\/www.gekasmetal.gr\/wme\/zuhause-2\/?lang=de","title":{"rendered":"Abfallbeh\u00e4lter aus Metall und Stra\u00dfenm\u00f6bel"},"content":{"rendered":"\n<div style=\"height:100px\" aria-hidden=\"true\" class=\"wp-block-spacer\"><\/div>\n\n\n\n<div class=\"wp-block-image\"><figure class=\"aligncenter is-resized\"><img loading=\"lazy\" src=\"https:\/\/www.gekasmetal.gr\/wme\/wp-content\/uploads\/\/2019\/10\/logo_logo_with_icon.svg\" alt=\"GMG Waste bins - Abfallbeh\u00e4lter aus Metall &amp; Stra\u00dfenm\u00f6bel\" class=\"wp-image-3645\" width=\"286\" height=\"90\"\/><\/figure><\/div>\n\n\n\n<div style=\"height:100px\" aria-hidden=\"true\" class=\"wp-block-spacer\"><\/div>\n\n\n\n<h2 id=\"h-abfallbeh-lter-aus-metall-stra-enm-bel\">Abfallbeh\u00e4lter aus Metall &amp; Stra\u00dfenm\u00f6bel<\/h2>\n\n\n\n<p>Die Metallabfallbeh\u00e4lter und die st\u00e4dtische Ausstattung von Gekas Metal (Gekas Metal Group) werden in den Anlagen des Unternehmens in Agios Athanasios, Thessaloniki, hergestellt. Mit \u00fcber 45 Jahren Erfahrung in der Herstellung von Metallprodukten erweitern wir unsere Produktpalette kontinuierlich, um den Bed\u00fcrfnissen der B\u00fcrger gerecht zu werden.<\/p>\n\n\n\n<div style=\"height:200px\" aria-hidden=\"true\" class=\"wp-block-spacer\"><\/div>\n\n\n\n<h2 id=\"h-gekas-metal-group-produkte\">Gekas Metal Group &#8211; Produkte<\/h2>\n\n\n\n<div style=\"height:50px\" aria-hidden=\"true\" class=\"wp-block-spacer\"><\/div>\n\n\n\n<div class=\"wp-block-media-text alignwide is-vertically-aligned-top hidden\" style=\"grid-template-columns:16% auto\"><figure class=\"wp-block-media-text__media\"><img loading=\"lazy\" width=\"52\" height=\"52\" src=\"https:\/\/www.gekasmetal.gr\/wme\/wp-content\/uploads\/\/2020\/10\/RCS.svg\" alt=\"Recycling-Zentren\" class=\"wp-image-6457\" srcset=\"https:\/\/www.gekasmetal.gr\/wme\/wp-content\/uploads\/\/2020\/10\/RCS.svg 150w, https:\/\/www.gekasmetal.gr\/wme\/wp-content\/uploads\/\/2020\/10\/RCS.svg 300w, https:\/\/www.gekasmetal.gr\/wme\/wp-content\/uploads\/\/2020\/10\/RCS.svg 1024w, https:\/\/www.gekasmetal.gr\/wme\/wp-content\/uploads\/\/2020\/10\/RCS.svg 50w, https:\/\/www.gekasmetal.gr\/wme\/wp-content\/uploads\/\/2020\/10\/RCS.svg 85w, https:\/\/www.gekasmetal.gr\/wme\/wp-content\/uploads\/\/2020\/10\/RCS.svg 80w, https:\/\/www.gekasmetal.gr\/wme\/wp-content\/uploads\/\/2020\/10\/RCS.svg 52w\" sizes=\"(max-width: 52px) 100vw, 52px\" \/><\/figure><div class=\"wp-block-media-text__content\">\n<h3 id=\"h-sammel-und-sortiersysteme-f-r-wertstoffe\">Sammel- und Sortiersysteme f\u00fcr Wertstoffe<\/h3>\n\n\n\n<p>Die <strong>Wertstoff-Sammel- und Sortieranlagen<\/strong> sind spezielle Beh\u00e4lter f\u00fcr <strong>Gr\u00fcne Flecken<\/strong>. Green Spots sind spezielle Bereiche, in denen Wertstoffe gesammelt, sortiert und\/oder verarbeitet werden.<\/p>\n\n\n\n<div class=\"wp-block-buttons\">\n<div class=\"wp-block-button is-style-fill\"><a class=\"wp-block-button__link has-background\" href=\"https:\/\/www.gekasmetal.gr\/wme\/%cf%83%cf%8d%cf%83%cf%84%ce%b7%ce%bc%ce%b1-%cf%83%cf%85%ce%bb%ce%bb%ce%bf%ce%b3%ce%ae%cf%82-%ce%ba%ce%b1%ce%b9-%ce%b4%ce%b9%ce%b1%ce%bb%ce%bf%ce%b3%ce%ae%cf%82-%ce%b1%ce%bd%ce%b1%ce%ba%cf%85%ce%ba\/\" style=\"border-radius:50px;background:linear-gradient(135deg,rgb(13,178,210) 0%,rgb(12,209,202) 100%)\" rel=\"\">Siehe die Produkte<\/a><\/div>\n<\/div>\n\n\n\n<p> <\/p>\n<\/div><\/div>\n\n\n\n<div style=\"height:200px\" aria-hidden=\"true\" class=\"wp-block-spacer hidden\"><\/div>\n\n\n\n<div class=\"wp-block-media-text alignwide is-vertically-aligned-top\" style=\"grid-template-columns:16% auto\"><figure class=\"wp-block-media-text__media\"><img loading=\"lazy\" width=\"52\" height=\"52\" src=\"https:\/\/www.gekasmetal.gr\/wme\/wp-content\/uploads\/\/2020\/11\/MWC-full.svg\" alt=\"M\u00fclltonnen und Mobilen Abfallbeh\u00e4lter aus Metall\" class=\"wp-image-6555\" srcset=\"https:\/\/www.gekasmetal.gr\/wme\/wp-content\/uploads\/\/2020\/11\/MWC-full.svg 150w, https:\/\/www.gekasmetal.gr\/wme\/wp-content\/uploads\/\/2020\/11\/MWC-full.svg 300w, https:\/\/www.gekasmetal.gr\/wme\/wp-content\/uploads\/\/2020\/11\/MWC-full.svg 1024w, https:\/\/www.gekasmetal.gr\/wme\/wp-content\/uploads\/\/2020\/11\/MWC-full.svg 50w, https:\/\/www.gekasmetal.gr\/wme\/wp-content\/uploads\/\/2020\/11\/MWC-full.svg 85w, https:\/\/www.gekasmetal.gr\/wme\/wp-content\/uploads\/\/2020\/11\/MWC-full.svg 80w, https:\/\/www.gekasmetal.gr\/wme\/wp-content\/uploads\/\/2020\/11\/MWC-full.svg 52w\" sizes=\"(max-width: 52px) 100vw, 52px\" \/><\/figure><div class=\"wp-block-media-text__content\">\n<h3 id=\"h-m-lltonnen-und-mobilen-abfallbeh-lter-aus-metall\">M\u00fclltonnen und Mobilen Abfallbeh\u00e4lter aus Metall<\/h3>\n\n\n\n<p>Die <strong>M\u00fclltonnen und Mobilen Abfallbeh\u00e4lter aus Metall<\/strong> werden zum Sammeln von M\u00fcll in St\u00e4dten und Stadtteilen eingesetzt. Sie sind in Vierrad- und Zweiradkonfigurationen, in verschiedenen Abmessungen und mit vielen Anpassungsoptionen je nach Kundenwunsch erh\u00e4ltlich.<\/p>\n\n\n\n<div style=\"height:20px\" aria-hidden=\"true\" class=\"wp-block-spacer\"><\/div>\n\n\n\n<h4 id=\"h-kapazit-t\">Kapazit\u00e4t:<\/h4>\n\n\n\n<ul><li>Zweir\u00e4drig &#8211; 120 L zu 240 L<\/li><li>Vierrad &#8211; 660 L zu 1100 L<\/li><\/ul>\n\n\n\n<div class=\"wp-block-buttons\">\n<div class=\"wp-block-button is-style-fill\"><a class=\"wp-block-button__link has-background\" href=\"https:\/\/www.gekasmetal.gr\/wme\/%cf%84%cf%81%ce%bf%cf%87%ce%ae%ce%bb%ce%b1%cf%84%ce%bf%ce%b9-%ce%ba%ce%ac%ce%b4%ce%bf%ce%b9-%ce%b1%cf%80%ce%bf%cf%81%cf%81%ce%b9%ce%bc%ce%bc%ce%ac%cf%84%cf%89%ce%bd\/\" style=\"border-radius:50px;background:linear-gradient(135deg,rgb(13,178,210) 0%,rgb(12,209,202) 100%)\">Siehe die Produkte<\/a><\/div>\n<\/div>\n<\/div><\/div>\n\n\n\n<div style=\"height:200px\" aria-hidden=\"true\" class=\"wp-block-spacer\"><\/div>\n\n\n\n<div class=\"wp-block-media-text alignwide is-vertically-aligned-top\" style=\"grid-template-columns:16% auto\"><figure class=\"wp-block-media-text__media\"><img loading=\"lazy\" width=\"52\" height=\"52\" src=\"https:\/\/www.gekasmetal.gr\/wme\/wp-content\/uploads\/\/2020\/11\/GMLB-full.svg\" alt=\"Abfallbeh\u00e4lter aus Stahl\" class=\"wp-image-6570\" srcset=\"https:\/\/www.gekasmetal.gr\/wme\/wp-content\/uploads\/\/2020\/11\/GMLB-full.svg 150w, https:\/\/www.gekasmetal.gr\/wme\/wp-content\/uploads\/\/2020\/11\/GMLB-full.svg 300w, https:\/\/www.gekasmetal.gr\/wme\/wp-content\/uploads\/\/2020\/11\/GMLB-full.svg 1024w, https:\/\/www.gekasmetal.gr\/wme\/wp-content\/uploads\/\/2020\/11\/GMLB-full.svg 50w, https:\/\/www.gekasmetal.gr\/wme\/wp-content\/uploads\/\/2020\/11\/GMLB-full.svg 85w, https:\/\/www.gekasmetal.gr\/wme\/wp-content\/uploads\/\/2020\/11\/GMLB-full.svg 80w, https:\/\/www.gekasmetal.gr\/wme\/wp-content\/uploads\/\/2020\/11\/GMLB-full.svg 52w\" sizes=\"(max-width: 52px) 100vw, 52px\" \/><\/figure><div class=\"wp-block-media-text__content\">\n<h3 id=\"h-abfallbeh-lter-aus-stahl\">Abfallbeh\u00e4lter aus Stahl<\/h3>\n\n\n\n<p>Die <strong>Abfallbeh\u00e4lter aus Stahl<\/strong> werden zum Sammeln von Abf\u00e4llen auf Stadtpl\u00e4tzen und anderen belebten Orten verwendet. Die Gekas Metal Group bietet elegante Abfallbeh\u00e4lter in verschiedenen Designs, Gr\u00f6\u00dfen und mit vielen Anpassungsm\u00f6glichkeiten je nach Kundenwunsch.<\/p>\n\n\n\n<div style=\"height:20px\" aria-hidden=\"true\" class=\"wp-block-spacer\"><\/div>\n\n\n\n<h4 id=\"h-kapazit-t-1\">Kapazit\u00e4t:<\/h4>\n\n\n\n<ul><li>40 L zu 130 L<\/li><\/ul>\n\n\n\n<div class=\"wp-block-buttons\">\n<div class=\"wp-block-button is-style-fill\"><a class=\"wp-block-button__link has-background\" href=\"https:\/\/www.gekasmetal.gr\/wme\/epidapedioi-kadoi-aporrimmaton\/\" style=\"border-radius:50px;background:linear-gradient(135deg,rgb(13,178,210) 0%,rgb(12,209,202) 100%)\">Siehe die Produkte<\/a><\/div>\n<\/div>\n<\/div><\/div>\n\n\n\n<div style=\"height:200px\" aria-hidden=\"true\" class=\"wp-block-spacer\"><\/div>\n\n\n\n<div class=\"wp-block-media-text alignwide is-vertically-aligned-top\" style=\"grid-template-columns:16% auto\"><figure class=\"wp-block-media-text__media\"><img loading=\"lazy\" width=\"52\" height=\"52\" src=\"https:\/\/www.gekasmetal.gr\/wme\/wp-content\/uploads\/\/2020\/11\/PMLB-full.svg\" alt=\"Pfosten-Abfallbeh\u00e4lter aus Stahl\" class=\"wp-image-6560\" srcset=\"https:\/\/www.gekasmetal.gr\/wme\/wp-content\/uploads\/\/2020\/11\/PMLB-full.svg 150w, https:\/\/www.gekasmetal.gr\/wme\/wp-content\/uploads\/\/2020\/11\/PMLB-full.svg 300w, https:\/\/www.gekasmetal.gr\/wme\/wp-content\/uploads\/\/2020\/11\/PMLB-full.svg 1024w, https:\/\/www.gekasmetal.gr\/wme\/wp-content\/uploads\/\/2020\/11\/PMLB-full.svg 50w, https:\/\/www.gekasmetal.gr\/wme\/wp-content\/uploads\/\/2020\/11\/PMLB-full.svg 85w, https:\/\/www.gekasmetal.gr\/wme\/wp-content\/uploads\/\/2020\/11\/PMLB-full.svg 80w, https:\/\/www.gekasmetal.gr\/wme\/wp-content\/uploads\/\/2020\/11\/PMLB-full.svg 52w\" sizes=\"(max-width: 52px) 100vw, 52px\" \/><\/figure><div class=\"wp-block-media-text__content\">\n<h3 id=\"h-pfosten-abfallbeh-lter-aus-stahl\">Pfosten-Abfallbeh\u00e4lter aus Stahl<\/h3>\n\n\n\n<p>Die <strong>Pfosten-Abfallbeh\u00e4lter aus Stahl<\/strong> werden zum Sammeln von Abf\u00e4llen auf Pl\u00e4tzen und anderen belebten Orten verwendet. Sie sind in einfacher oder doppelter Ausf\u00fchrung in verschiedenen Abmessungen und mit vielen Einstellm\u00f6glichkeiten erh\u00e4ltlich.<\/p>\n\n\n\n<div style=\"height:20px\" aria-hidden=\"true\" class=\"wp-block-spacer\"><\/div>\n\n\n\n<h4 id=\"h-kapazit-t-2\">Kapazit\u00e4t:<\/h4>\n\n\n\n<ul><li>Single &#8211; 27 L zu 35 L<\/li><li>Doppelt- 54 L zu 70 L<\/li><\/ul>\n\n\n\n<div class=\"wp-block-buttons\">\n<div class=\"wp-block-button is-style-fill\"><a class=\"wp-block-button__link has-background\" href=\"https:\/\/www.gekasmetal.gr\/wme\/epistilioi-kadoi-aporrimmaton\/\" style=\"border-radius:50px;background:linear-gradient(135deg,rgb(13,178,210) 0%,rgb(12,209,202) 100%)\">Siehe die Produkte<\/a><\/div>\n<\/div>\n<\/div><\/div>\n\n\n\n<div style=\"height:200px\" aria-hidden=\"true\" class=\"wp-block-spacer\"><\/div>\n\n\n\n<div class=\"wp-block-media-text alignwide is-vertically-aligned-top\" style=\"grid-template-columns:16% auto\"><figure class=\"wp-block-media-text__media\"><img loading=\"lazy\" width=\"52\" height=\"52\" src=\"https:\/\/www.gekasmetal.gr\/wme\/wp-content\/uploads\/\/2020\/11\/SCB-full.svg\" alt=\"Stra\u00dfenreinigungs-Handwagen\" class=\"wp-image-6550\" srcset=\"https:\/\/www.gekasmetal.gr\/wme\/wp-content\/uploads\/\/2020\/11\/SCB-full.svg 150w, https:\/\/www.gekasmetal.gr\/wme\/wp-content\/uploads\/\/2020\/11\/SCB-full.svg 300w, https:\/\/www.gekasmetal.gr\/wme\/wp-content\/uploads\/\/2020\/11\/SCB-full.svg 1024w, https:\/\/www.gekasmetal.gr\/wme\/wp-content\/uploads\/\/2020\/11\/SCB-full.svg 50w, https:\/\/www.gekasmetal.gr\/wme\/wp-content\/uploads\/\/2020\/11\/SCB-full.svg 85w, https:\/\/www.gekasmetal.gr\/wme\/wp-content\/uploads\/\/2020\/11\/SCB-full.svg 80w, https:\/\/www.gekasmetal.gr\/wme\/wp-content\/uploads\/\/2020\/11\/SCB-full.svg 52w\" sizes=\"(max-width: 52px) 100vw, 52px\" \/><\/figure><div class=\"wp-block-media-text__content\">\n<h3 id=\"h-stra-enreinigungs-handwagen\">Stra\u00dfenreinigungs-Handwagen<\/h3>\n\n\n\n<p>Die <strong>Stra\u00dfenreinigungs-Handwagen aus Stahl<\/strong> werden von Stra\u00dfenreinigern verwendet, da sie einen Abfallbeh\u00e4lter, einen Werkzeugkasten und spezielle Pl\u00e4tze f\u00fcr Besen und Kehrschaufel enthalten.<\/p>\n\n\n\n<div style=\"height:20px\" aria-hidden=\"true\" class=\"wp-block-spacer\"><\/div>\n\n\n\n<h4 id=\"h-kapazit-t-3\">Kapazit\u00e4t:<\/h4>\n\n\n\n<ul><li>88 L<\/li><\/ul>\n\n\n\n<div class=\"wp-block-buttons\">\n<div class=\"wp-block-button is-style-fill\"><a class=\"wp-block-button__link has-background\" href=\"https:\/\/www.gekasmetal.gr\/wme\/metalliki-xeiramaksa-odokathariston\/\" style=\"border-radius:50px;background:linear-gradient(135deg,rgb(13,178,210) 0%,rgb(12,209,202) 100%)\">Siehe die Produkte<\/a><\/div>\n<\/div>\n<\/div><\/div>\n\n\n\n<div style=\"height:200px\" aria-hidden=\"true\" class=\"wp-block-spacer\"><\/div>\n\n\n\n<h2 id=\"h-gekas-metal-group-unsere-werte\">Gekas Metal Group &#8211; Unsere Werte<\/h2>\n\n\n\n<ul><li><strong>Qualit\u00e4t<\/strong> &#8211; Indem wir in unserer Produktion nur hochwertige Teile und Materialien verwenden, exportieren wir qualitativ hochwertige Produkte an alle unsere Kunden.<\/li><li><strong>Service<\/strong> &#8211; Mit schnellem und effektivem Kundenservice und Produktservice sorgen wir immer daf\u00fcr, dass unsere Kunden zufrieden sind.<\/li><li><strong>Organisation<\/strong> &#8211; Als Familienunternehmen ist einer der Hauptfaktoren f\u00fcr den Erfolg des Unternehmens die Organisation von Ressourcen und Mitarbeitern, die uns auch in den schwierigsten finanziellen Schwierigkeiten des Landes an der Spitze h\u00e4lt.<\/li><li><strong>Preise<\/strong> &#8211; Das Preis-Leistungsverh\u00e4ltnis war schon immer ein attraktiver Bestandteil von Gekas Metal.<\/li><\/ul>\n\n\n\n<div style=\"height:100px\" aria-hidden=\"true\" class=\"wp-block-spacer\"><\/div>\n","protected":false},"excerpt":{"rendered":"<p>\u039c\u03b5\u03c4\u03b1\u03bb\u03bb\u03b9\u03ba\u03bf\u03af \u03ba\u03ac\u03b4\u03bf\u03b9 \u03b1\u03c0\u03bf\u03c1\u03c1\u03b9\u03bc\u03bc\u03ac\u03c4\u03c9\u03bd \u03bc\u03b5 \u03ba\u03b1\u03c0\u03ac\u03ba\u03b9. \u0391\u03bd\u03b8\u03b5\u03ba\u03c4\u03b9\u03ba\u03bf\u03af \u03c4\u03c1\u03bf\u03c7\u03ae\u03bb\u03b1\u03c4\u03bf\u03b9 \u03ba\u03ac\u03b4\u03bf\u03b9 \u03ba\u03b1\u03b9 \u03b5\u03be\u03bf\u03c0\u03bb\u03b9\u03c3\u03bc\u03cc\u03c2 \u03b4\u03b9\u03b1\u03c7\u03b5\u03af\u03c1\u03b9\u03c3\u03b7\u03c2 \u03b1\u03c0\u03bf\u03c1\u03c1\u03b9\u03bc\u03bc\u03ac\u03c4\u03c9\u03bd.<\/p>\n","protected":false},"author":1,"featured_media":12470,"parent":0,"menu_order":0,"comment_status":"closed","ping_status":"closed","template":"","meta":[],"yoast_head":"<!-- This site is optimized with the Yoast SEO Premium plugin v15.3 - https:\/\/yoast.com\/wordpress\/plugins\/seo\/ -->\n<title>Abfallbeh\u00e4lter aus Metall und Stra\u00dfenm\u00f6bel | Gekas Metal<\/title>\n<meta name=\"description\" content=\"Gekas Metal, hersteller von Abfallbeh\u00e4lter aus Metall und Stra\u00dfenm\u00f6bel | 17o km Autobahn von Thessaloniki - Veroia | Kontakt Nummer: +0030 2310 538 103\" \/>\n<meta name=\"robots\" content=\"index, follow, max-snippet:-1, max-image-preview:large, max-video-preview:-1\" \/>\n<link rel=\"canonical\" href=\"https:\/\/www.gekasmetal.gr\/wme\/\" \/>\n<meta property=\"og:locale\" content=\"el_GR\" \/>\n<meta property=\"og:type\" content=\"article\" \/>\n<meta property=\"og:title\" content=\"Abfallbeh\u00e4lter aus Metall und Stra\u00dfenm\u00f6bel | Gekas Metal\" \/>\n<meta property=\"og:description\" content=\"Gekas Metal, hersteller von Abfallbeh\u00e4lter aus Metall und Stra\u00dfenm\u00f6bel | 17o km Autobahn von Thessaloniki - Veroia | Kontakt Nummer: +0030 2310 538 103\" \/>\n<meta property=\"og:url\" content=\"https:\/\/www.gekasmetal.gr\/wme\/\" \/>\n<meta property=\"og:site_name\" content=\"GMG Waste Bins\" \/>\n<meta property=\"article:publisher\" content=\"https:\/\/www.facebook.com\/GekasMetal\" \/>\n<meta property=\"article:modified_time\" content=\"2025-06-09T19:08:49+00:00\" \/>\n<meta property=\"og:image\" content=\"https:\/\/www.gekasmetal.gr\/wme\/wp-content\/uploads\/2023\/06\/GM-\u03a4\u03a1\u039f\u03a7\u0397\u039b\u0391\u03a4\u039f\u0399-SCENE.jpg\" \/>\n\t<meta property=\"og:image:width\" content=\"1080\" \/>\n\t<meta property=\"og:image:height\" content=\"1080\" \/>\n<meta name=\"twitter:card\" content=\"summary\" \/>\n<meta name=\"twitter:label1\" content=\"Written by\">\n\t<meta name=\"twitter:data1\" content=\"bonneadmin\">\n\t<meta name=\"twitter:label2\" content=\"Est. reading time\">\n\t<meta name=\"twitter:data2\" content=\"2 \u03bb\u03b5\u03c0\u03c4\u03ac\">\n<script type=\"application\/ld+json\" class=\"yoast-schema-graph\">{\"@context\":\"https:\/\/schema.org\",\"@graph\":[{\"@type\":\"Organization\",\"@id\":\"https:\/\/www.gekasmetal.gr\/wme\/#organization\",\"name\":\"Gekas Metal Group\",\"url\":\"https:\/\/www.gekasmetal.gr\/wme\/\",\"sameAs\":[\"https:\/\/www.facebook.com\/GekasMetal\"],\"logo\":{\"@type\":\"ImageObject\",\"@id\":\"https:\/\/www.gekasmetal.gr\/wme\/#logo\",\"inLanguage\":\"el\",\"url\":\"https:\/\/www.gekasmetal.gr\/wme\/wp-content\/uploads\/2019\/10\/logo_logo_with_icon.svg\",\"width\":160,\"height\":50,\"caption\":\"Gekas Metal Group\"},\"image\":{\"@id\":\"https:\/\/www.gekasmetal.gr\/wme\/#logo\"}},{\"@type\":\"WebSite\",\"@id\":\"https:\/\/www.gekasmetal.gr\/wme\/#website\",\"url\":\"https:\/\/www.gekasmetal.gr\/wme\/\",\"name\":\"GMG Waste Bins\",\"description\":\"\\u039c\\u03b5\\u03c4\\u03b1\\u03bb\\u03bb\\u03b9\\u03ba\\u03bf\\u03af \\u039a\\u03ac\\u03b4\\u03bf\\u03b9 \\u0391\\u03c0\\u03bf\\u03c1\\u03c1\\u03b9\\u03bc\\u03bc\\u03ac\\u03c4\\u03c9\\u03bd \\u03b1\\u03c0\\u03cc \\u03c4\\u03b7\\u03bd \\u0393\\u03ba\\u03ad\\u03ba\\u03b1\\u03c2 \\u039c\\u03ad\\u03c4\\u03b1\\u03bb (GMG)\",\"publisher\":{\"@id\":\"https:\/\/www.gekasmetal.gr\/wme\/#organization\"},\"potentialAction\":[{\"@type\":\"SearchAction\",\"target\":\"https:\/\/www.gekasmetal.gr\/wme\/?s={search_term_string}\",\"query-input\":\"required name=search_term_string\"}],\"inLanguage\":\"el\"},{\"@type\":\"ImageObject\",\"@id\":\"https:\/\/www.gekasmetal.gr\/wme\/#primaryimage\",\"inLanguage\":\"el\",\"url\":\"https:\/\/www.gekasmetal.gr\/wme\/wp-content\/uploads\/2023\/06\/GM-\\u03a4\\u03a1\\u039f\\u03a7\\u0397\\u039b\\u0391\\u03a4\\u039f\\u0399-SCENE.jpg\",\"width\":1080,\"height\":1080},{\"@type\":\"WebPage\",\"@id\":\"https:\/\/www.gekasmetal.gr\/wme\/#webpage\",\"url\":\"https:\/\/www.gekasmetal.gr\/wme\/\",\"name\":\"Abfallbeh\\u00e4lter aus Metall und Stra\\u00dfenm\\u00f6bel | Gekas Metal\",\"isPartOf\":{\"@id\":\"https:\/\/www.gekasmetal.gr\/wme\/#website\"},\"primaryImageOfPage\":{\"@id\":\"https:\/\/www.gekasmetal.gr\/wme\/#primaryimage\"},\"datePublished\":\"2020-11-04T12:03:37+00:00\",\"dateModified\":\"2025-06-09T19:08:49+00:00\",\"description\":\"Gekas Metal, hersteller von Abfallbeh\\u00e4lter aus Metall und Stra\\u00dfenm\\u00f6bel | 17o km Autobahn von Thessaloniki - Veroia | Kontakt Nummer: +0030 2310 538 103\",\"breadcrumb\":{\"@id\":\"https:\/\/www.gekasmetal.gr\/wme\/#breadcrumb\"},\"inLanguage\":\"el\",\"potentialAction\":[{\"@type\":\"ReadAction\",\"target\":[\"https:\/\/www.gekasmetal.gr\/wme\/\"]}]},{\"@type\":\"BreadcrumbList\",\"@id\":\"https:\/\/www.gekasmetal.gr\/wme\/#breadcrumb\",\"itemListElement\":[{\"@type\":\"ListItem\",\"position\":1,\"item\":{\"@type\":\"WebPage\",\"@id\":\"https:\/\/www.gekasmetal.gr\/wme\/\",\"url\":\"https:\/\/www.gekasmetal.gr\/wme\/\",\"name\":\"\\u0391\\u03c1\\u03c7\\u03b9\\u03ba\\u03ae\"}},{\"@type\":\"ListItem\",\"position\":2,\"item\":{\"@type\":\"WebPage\",\"@id\":\"https:\/\/www.gekasmetal.gr\/wme\/?lang=de\",\"url\":\"https:\/\/www.gekasmetal.gr\/wme\/?lang=de\",\"name\":\"Abfallbeh\\u00e4lter aus Metall und Stra\\u00dfenm\\u00f6bel\"}}]}]}<\/script>\n<!-- \/ Yoast SEO Premium plugin. -->","_links":{"self":[{"href":"https:\/\/www.gekasmetal.gr\/wme\/wp-json\/wp\/v2\/pages\/6629"}],"collection":[{"href":"https:\/\/www.gekasmetal.gr\/wme\/wp-json\/wp\/v2\/pages"}],"about":[{"href":"https:\/\/www.gekasmetal.gr\/wme\/wp-json\/wp\/v2\/types\/page"}],"author":[{"embeddable":true,"href":"https:\/\/www.gekasmetal.gr\/wme\/wp-json\/wp\/v2\/users\/1"}],"replies":[{"embeddable":true,"href":"https:\/\/www.gekasmetal.gr\/wme\/wp-json\/wp\/v2\/comments?post=6629"}],"version-history":[{"count":17,"href":"https:\/\/www.gekasmetal.gr\/wme\/wp-json\/wp\/v2\/pages\/6629\/revisions"}],"predecessor-version":[{"id":12926,"href":"https:\/\/www.gekasmetal.gr\/wme\/wp-json\/wp\/v2\/pages\/6629\/revisions\/12926"}],"wp:featuredmedia":[{"embeddable":true,"href":"https:\/\/www.gekasmetal.gr\/wme\/wp-json\/wp\/v2\/media\/12470"}],"wp:attachment":[{"href":"https:\/\/www.gekasmetal.gr\/wme\/wp-json\/wp\/v2\/media?parent=6629"}],"curies":[{"name":"wp","href":"https:\/\/api.w.org\/{rel}","templated":true}]}}